650, -2*q + 2*j + 244 = 0. What are the prime factors of q?
5
Let a(y) = -y + 13. Let l be a(9). List the prime factors of 186/24 + (-3)/l.
7
Suppose 0 = 3*s + s - 3*y - 18, -s - 1 = 2*y. Suppose -s*a = -a + 32. Let u = -9 - a. What are the prime factors of u?
7
Let q = 1 + 20. Let d be (-3)/q - (-26)/(-14). List the prime factors of d/(-3) - (-86)/6.
3, 5
Suppose 2*l - 4*u + 417 = 991, 5*l + 3*u - 1370 = 0. List the prime factors of l.
277
Let j(d) = -d**3 + 5*d**2 + 5*d - 1. Let s be j(5). Let p = s - 20. List the prime factors of p.
2
Suppose -r = -133 - 5. Let a be ((-18)/5)/(2/(-5)). What are the prime factors of (-12)/(-8)*r/a?
23
Let y be ((-12)/8)/((-6)/(-1284)). Let x = 542 + y. List the prime factors of x.
13, 17
Suppose -k = -2*m + 7, -8 = -3*m + k + 5. Let j(c) = 4 + 8*c + 0 - 7. What are the prime factors of j(m)?
3, 5
Suppose 335*f - 10320 = 323*f. List the prime factors of f.
2, 5, 43
Let a = -62 + 63. Let j = a + 154. What are the prime factors of j?
5, 31
Suppose 5*u - 10 = -0*u. Suppose -u*v + 3*v = 6. List the prime factors of v.
2, 3
Suppose -3*f = 2*s - 772, 3*f - 93 = 4*s - 1673. What are the prime factors of s?
2, 7
Suppose -18*h + 12*h + 1200 = 0. List the prime factors of h.
2, 5
Let i = -5 + 9. Let l(u) = -u**3 + 4*u**2 + 3*u + 2. List the prime factors of l(i).
2, 7
Suppose -6*r = -3*r - 36. Suppose -4*t = -4*z - 12, -z - 2*z + r = 4*t. Suppose -210 = -5*p + 5*b, p + z*b = -4*b + 32. What are the prime factors of p?
2, 5
Let j be (18/(-5))/((-1)/5). Let h(n) = -3*n + 26. Let r be h(8). List the prime factors of 8/(-4) + r + j.
2, 3
Suppose -3 = -4*i + 3*v - 20, -4*i + v = 27. Let m = i + 12. Suppose 3*a + 5*k - 2 = 26, 0 = -2*k + m. List the prime factors of a.
2, 3
Suppose -35*s + 28*s + 1190 = 0. List the prime factors of s.
2, 5, 17
Let o(q) = -9*q**2 + 9*q - 4. Let b(j) = -j**2 + j. Let f(c) = 6*b(c) - o(c). List the prime factors of f(-4).
2
Let s(u) = u**3 + 28*u**2 + 79*u + 27. What are the prime factors of s(-20)?
3, 61
Let p = -5 + 9. Let v = p - 2. Suppose -4*s - 13 = -u + 1, -4*s = -v*u + 28. What are the prime factors of u?
2, 7
Let q(m) = m - 5. Let z be q(6). Suppose z = -2*l - 1. Let r(j) = -16*j - 1. List the prime factors of r(l).
3, 5
Let n(j) be the third derivative of -j**6/120 + j**5/4 + 17*j**4/24 - 10*j**3/3 - 2*j**2. Let v be n(16). List the prime factors of v + -1 + 3 + 36.
2, 17
Suppose -33 = 2*w - 3*v, 0 = -w - 5*v - 1 - 9. List the prime factors of 355*(0 - (-36)/w - -3).
3, 71
Let u be (3 - 2) + 1 + 35. Let a(o) = 38*o + 1 + 3 - u*o. List the prime factors of a(3).
7
Let m be (-612)/7*(-14)/2. Suppose 4*j + 5*j = m. List the prime factors of j.
2, 17
Let d(x) = -8*x**3 - 2*x**2 - 4*x - 3. Let y(t) = -t**3 + 8*t**2 - 2. Let z be y(8). What are the prime factors of d(z)?
61
Let k(a) = -a**3 + a**2 + 16*a - 10. Let i be k(10). What are the prime factors of ((-8)/(-10))/(6 - (-4496)/i)?
2, 3, 5
Suppose -4*f + 5*b + 728 = 2*b, f = 3*b + 191. Let z = -82 + f. List the prime factors of z.
97
Let m be (4/6)/(63085/12615 - 5). Suppose -165 = 4*b - m. What are the prime factors of b?
13
Suppose 0 = 2*s + 78 - 2. Let j = s - -23. What are the prime factors of -5*(-3)/j*-18?
2, 3
Let p(u) = u**3 + 3*u**2 - 10*u - 1. Let w be p(-5). What are the prime factors of w + ((-4)/(-6))/((-12)/(-342))?
2, 3
Let g = 57 + -60. What are the prime factors of 43 + (-5 + 4)*g?
2, 23
Let t(q) = 4*q**3 + 69*q**2 - 19*q + 51. List the prime factors of t(-16).
3, 5, 109
Let v(r) = -r**2 - 84*r - 268. What are the prime factors of v(-55)?
1327
Let h be 322/49 - (-12)/(-21). Suppose -179 = h*u - 569. What are the prime factors of u?
5, 13
Let w(h) = h**3 + 3*h**2 + h + 2. Let j be w(0). Suppose 0 = -2*c + k + 308, 332 = j*c - 0*k + 5*k. List the prime factors of c.
2, 3, 13
What are the prime factors of (-10)/(-2)*(-964)/(-20)*1?
241
Let y be ((-4)/(-12))/(2/36). Suppose 3*s - y = 6. What are the prime factors of ((-3)/9)/(s/(-300))?
5
Let m(f) = -53*f**2 - 2*f - 5. Let w be m(3). Let x = 703 + w. List the prime factors of x.
5, 43
Suppose 0 = 2*p - 0*p - 24. Let q = p - 10. Suppose -10 = -q*r - 4. List the prime factors of r.
3
Suppose -11 + 9 = 2*x. List the prime factors of 2*(x/3 + (-490)/(-12)).
3
Suppose -4*a + 2*a = 58. Let q be a/(-2*1/2). Suppose 2*d + w = q, -w - 5 = -0*w. What are the prime factors of d?
17
Suppose 23 = 2*i + 59. Let y = 34 + i. Suppose -r + 14 = 2*k + 2, -r - 4*k = -y. What are the prime factors of r?
2
Let a(r) = r + 13. Let d(n) = -n - 1. Let z(l) = a(l) - 4*d(l). List the prime factors of z(4).
37
What are the prime factors of (-2)/3*(-2)/((-10)/(-1455))?
2, 97
Let i(c) = -12*c - 3. Let f be i(-2). Let v be ((-1)/3)/(1/f). List the prime factors of 3/v - (-129)/7.
2, 3
Let u be (6/5)/(6/(-30)). Let i = -6 - u. What are the prime factors of 37 + 3 + -4 + i?
2, 3
Let f = 1752 + -1015. List the prime factors of f.
11, 67
Let c(a) = -a**3 + 19*a**2 + 28*a + 11. What are the prime factors of c(20)?
3, 19
Suppose 2*w - 2*b - 5952 = 0, 4*w - 48*b - 11899 = -49*b. What are the prime factors of w?
5, 7, 17
Suppose 3*g = -388 - 14. Let v = 188 - 267. Let d = v - g. What are the prime factors of d?
5, 11
Let q(c) = -c**3 - 10*c**2 - 10*c - 1. Let v be q(-9). What are the prime factors of 51 - v/((-24)/(-9))?
2, 3
Suppose 0*d + 3644 = 4*d - 2*v, d - 2*v - 908 = 0. What are the prime factors of d?
2, 3, 19
Suppose 4*t - 14 = -2. Let y be (-2)/((4/t)/2). What are the prime factors of (y + 56/20)*-85?
17
Suppose 13*z + 5*z - 12978 = 0. List the prime factors of z.
7, 103
Suppose 2099 = 5*o - 4*g, -2*g - 13 + 849 = 2*o. Suppose 3*k + 148 = q + o, -5*q + 374 = 4*k. What are the prime factors of k?
7, 13
Let z be (-28)/13 - (-2)/13. Suppose -6*d = -9*d + 54. Let a = d - z. What are the prime factors of a?
2, 5
Let f(b) = b**3 - 26*b**2 - 37*b + 181. What are the prime factors of f(28)?
23, 31
Let k = -4 - 0. Let z be (16/k + -1)*-6. Suppose 5 = v + 3*x - 13, 4*x = -2*v + z. What are the prime factors of v?
3
Suppose 441 = 9*g - 756. What are the prime factors of g?
7, 19
Let d = 156 + -1. Let m = d - -57. List the prime factors of m.
2, 53
Suppose 5*k - 2*h - 491 = 724, -k = -5*h - 243. List the prime factors of k.
3
Let p = -12 - -16. Suppose p*v = 7*v - 213. List the prime factors of v.
71
Suppose 1214 = -11*f + 6857. List the prime factors of f.
3, 19
Suppose 2*d = 3*x - 7561, 2*x - 2295 = -5*d + 2771. What are the prime factors of x?
3, 29
Suppose 8*r - 2371 = 4181. What are the prime factors of 1408/18 + 13/(r/(-14))?
2, 3, 13
Let c be -3 - (0 - (2 - -3)). Suppose -4*u + 288 = -o, -c*u + o + 138 = -o. What are the prime factors of u?
73
Suppose -31*i + 61*i = 88680. List the prime factors of i.
2, 739
Suppose 1 - 5 = -l. Suppose 0 = 4*q + 20, 10 = l*u - 4*q - 26. Suppose 2*r + 0*t - 128 = -4*t, 4*r - u*t = 292. List the prime factors of r.
2, 5, 7
Let h be -2 + (-58)/(-6) + (-1)/(-3). Suppose -h*x = -x - 280. List the prime factors of x.
2, 5
Let m = 1613 + -829. Suppose 0 = 7*j - m - 98. What are the prime factors of j?
2, 3, 7
Let b be (-9)/(((-6)/(-14))/(-3)). Let s(l) = l**2 - 7*l - 58. Let n be s(12). Suppose n*k - 45 = b. What are the prime factors of k?
2, 3
Suppose 4*b = -5*r + 24, 7*b - 24 = 3*b - r. Let s be 1*((3 - 1) + -31 + 37). Let q = s + b. List the prime factors of q.
2, 7
Suppose -4*l = -u + 4, -2*l - 3 = -2*u + 5. Suppose l = -3*o - 4*b + 2, -3*b - 2*b - 3 = o. Let j(p) = 18*p - 5. What are the prime factors of j(o)?
31
Let u = -29 + 31. Suppose m = u*m - 64. What are the prime factors of m?
2
Let k = -45 - -42. What are the prime factors of (1/(k/2))/(3/(-243))?
2, 3
Let a(y) = y**3 + 5*y**2 - 7*y - 3. Let f be a(-6). Suppose 130 = f*l - 26. What are the prime factors of (-1)/(-7) - l/(-28)?
2
Suppose -2*d + 662 = -2*l, -3*d + 5*l = -7*d + 1315. Suppose 270 = -4*g - d. List the prime factors of (-1)/(1 + g/147).
7
Suppose 3*r + 412 = v, -v + 345 = 3*r - 91. List the prime factors of v.
2, 53
Suppose -22*r + 13*r = -5751. List the prime factors of r.
3, 71
What are the prime factors of ((-444)/(-5))/((-7)/(280/(-6)))?
2, 37
Let a = 8 - 3. Suppose -3*y - 715 = -a*z, 0 = 5*z + 4*y - 2*y - 690. Suppose 0 = -0*v + 4*v - z. List the prime factors of v.
5, 7
Let z = 217 - -111. List th